 + 82 = z. What is the greatest common divisor of 12 and j?
12
Let k = 967 + -639. What is the greatest common factor of 8 and k?
8
Let n(t) = -4 - 1 - t**2 + 0 + 9*t. Let o be n(6). Suppose -12*p + o*p - 48 = 0. Calculate the highest common divisor of p and 24.
24
Let v be 552/68 + 0 + 6/(-51). Calculate the highest common factor of 152 and v.
8
Suppose 3*i = i + 64. Let k = i - 22. What is the greatest common divisor of 10 and k?
10
Let l = 76 + -26. Suppose -4*y = y + l. Let w be (6/4)/((-1)/y). What is the highest common divisor of w and 15?
15
Suppose 0 = 2*m + 1 - 51. Let w = -297 - -323. Let u = w - m. Calculate the greatest common factor of 8 and u.
1
Let i = -739 - -797. What is the greatest common factor of i and 551?
29
Let u(k) = 174 + 8*k - 172 + 3*k. Suppose -3*o = -8*o - 2*r + 13, -o + 13 = 3*r. Let v be u(o). What is the greatest common factor of v and 65?
13
Suppose -2*j + 5*b + 185 = 0, -5*j + 232*b - 229*b + 434 = 0. What is the greatest common divisor of 119 and j?
17
Let p be 3247/204 - (-2)/24. Calculate the highest common factor of 488 and p.
8
Suppose -5*x + 40 = -0*x. Let n = 10 + -8. Let d be 54 - (-7 - -3)/n. Calculate the highest common factor of d and x.
8
Let h(n) = -n - 4. Let v be h(-2). Let a be (v + 3)/((-8)/(-40)). Calculate the highest common divisor of 35 and a.
5
Let g = 651 + 1071. What is the greatest common factor of 82 and g?
82
Suppose -2*b - 3*b + 16 = -3*o, -5*b = 2*o - 31. Suppose o*q - 10 = 8. What is the greatest common factor of q and 30?
6
Suppose -5*q - 60 = q. Let i = 42 + q. What is the greatest common factor of 80 and i?
16
Let o = 6 + -7. Let z(r) = -12*r**3 - 2*r**2 - r. Let x be z(o). Suppose 2*p = p + 4*f + 45, -72 = -2*p + 2*f. Calculate the greatest common divisor of x and p.
11
Let y = 394 - 121. What is the highest common divisor of 63 and y?
21
Let r be (-1)/2 - (-14)/(-28). Let f = 3 - r. Calculate the greatest common factor of f and 2.
2
Let g(q) = 5*q + 14. Let o be g(-5). Let a(k) = -2*k**2 - 24*k - 20. Let n be a(o). What is the highest common factor of 18 and n?
2
Let q(i) be the first derivative of -i**4/4 + 4*i**3 - 7*i**2/2 + 12*i + 5. Let s be q(9). What is the greatest common factor of s and 24?
24
Suppose 5*m + 356 = 68*u - 64*u, 3*u + 2*m = 267. What is the greatest common factor of u and 1?
1
Let x = -25 - -27. Suppose 295 = x*h - b, -7 + 2 = b. What is the greatest common factor of h and 58?
29
Let p(g) = g**3 + 6*g**2 - 3*g. Let l be p(-6). Suppose 5*a + 3 = -2, 4*d + a = 35. Let h be 27*(-3 + 33/d). Calculate the highest common divisor of h and l.
18
Suppose -28*c = 7*c - 7105. What is the greatest common divisor of c and 14?
7
Let g(w) be the second derivative of 1/6*w**3 + 4*w + 9*w**2 + 0. Let h be g(-8). Calculate the highest common factor of h and 10.
10
Let k(n) = 18*n**2 - 2*n - 1. Let b be k(-1). Let w = -6873 - -7006. What is the greatest common factor of w and b?
19
Let f be (-2)/((-80)/(-45) - 2). What is the highest common divisor of 21 and f?
3
Let v be ((-442 - -1) + 1)/(-1). Let h(c) = 2*c**3 - 28*c**2 + 31*c - 25. Let t be h(13). What is the highest common factor of t and v?
40
Suppose -16 = -4*c + 8. Suppose -c*t + 5*t = 0. Suppose -5*f - 3 = p, -2*f - 42 = -3*p - t*f. What is the highest common divisor of p and 108?
12
Suppose -3*q + 6*q - 18 = 0. Suppose 3*s - r = 128, -146*s + 5*r - 200 = -151*s. What is the greatest common divisor of s and q?
6
Suppose 0 = k - 4*x - 85, -2*k + 80 + 90 = -2*x. Calculate the greatest common factor of k and 119.
17
Suppose 3*v + 6 = 0, h - 125 = -0*h - 5*v. Calculate the greatest common divisor of h and 30.
15
Let y be 33/22*(-4)/(-3) - -1. What is the greatest common factor of y and 15?
3
Suppose 5*d - 13 = 2*p + 87, 3*p + 15 = 0. Let u(c) = c**2 + c + 12. Let m be u(0). What is the highest common factor of d and m?
6
Let x = 38 + 97. Suppose 0 = -14*t + 9*t. Let k be t + -3 + 1 - -17. Calculate the greatest common divisor of k and x.
15
Let p = -34 - -40. Suppose r - p = -t + 17, r = 5. What is the highest common factor of t and 18?
18
Suppose -96*s + 3180 = -93*s. Calculate the highest common factor of s and 20.
20
Suppose y + 4*y + 180 = z, -540 = -3*z - y. Calculate the greatest common factor of 480 and z.
60
Suppose 4*w + 51 = 5*d, w = 22*d - 18*d - 32. Let y = 254 - 177. What is the highest common factor of d and y?
7
Let i = 0 - 1. Let k be ((-32)/(-8))/((-1)/(i/1)). Calculate the highest common factor of k and 4.
4
Let c(j) = -j**2 + 20*j - 11. Let v be (-102)/3*1/(-2). Let i be c(v). Let z = 96 + -91. What is the highest common factor of i and z?
5
Suppose 0 = 4*t - d - d - 118, 115 = 4*t - 5*d. Let q = -2 + t. Calculate the greatest common factor of 308 and q.
28
Let k be 0 - (-2)/(-17) - 22896/(-408). Calculate the highest common divisor of 42 and k.
14
Let f = 21 - 25. Let i be 7/(f - (-180)/44). What is the highest common factor of 7 and i?
7
Suppose -2*q - r = -34, -4*q = 2*r - 3*r - 74. Let k be 0 + 5/(5/2). Suppose f = k*f - 2. Calculate the highest common factor of q and f.
2
Let g(r) = -r - 4. Let c be g(-8). Let y = 6 - c. Let x = -220 + 224. What is the highest common factor of x and y?
2
Suppose l + m - 19 = 0, l - m = -l + 35. Calculate the highest common divisor of l and 63.
9
Suppose 13*g - 4*u - 383 = 10*g, 0 = 3*u + 6. Suppose -125 = -5*n - 2*a, -n + 0*n + 25 = 4*a. What is the greatest common divisor of g and n?
25
Suppose 166*g - 168 = 162*g. What is the highest common divisor of 42 and g?
42
Let o be 34 - 2*(-10)/20. What is the greatest common divisor of o and 145?
5
Let a(f) = f**2 - 11*f. Let l be a(14). What is the greatest common divisor of 6 and l?
6
Let v be (6 + 2)*(-70)/(-28). Calculate the highest common factor of 250 and v.
10
Let l(v) = -v**3 - 2*v**2 - v - 7. Let f be l(-6). What is the highest common divisor of 55 and f?
11
Let d = 311 - 45. Let z(o) = -o**3 + 14*o**2 + 17*o - 16. Let m be z(15). Calculate the greatest common divisor of m and d.
14
Suppose -71*y - 78 = -84*y. What is the highest common factor of y and 114?
6
Suppose -2*o + 6*o - 8 = 0. Let m(l) = -l**3 - 14*l**2 + 69*l - 44. Let k be m(-18). Calculate the highest common divisor of o and k.
2
Let r(m) = -20*m - 4. Let o be r(-6). What is the highest common divisor of o and 29?
29
Let p be 10/(-1) - -5 - -7. Let w be 212/(8/p) - -2. Calculate the highest common factor of w and 22.
11
Let o be (1738 + 0)*(13 - 30)/(-34). What is the greatest common divisor of o and 11?
11
Let w be 144/5*(-11)/(198/(-120)). Let m = w + -129. What is the greatest common factor of m and 21?
21
Let q = -86 + 101. What is the greatest common factor of 405 and q?
15
Let o = -517 - -577. What is the greatest common factor of o and 105?
15
Let z be 3/(-9) - 94/6. Let i be (-17)/(-4) + 4/z. Calculate the greatest common factor of 16 and i.
4
Suppose -k = k - 4. Suppose x - 35 = 3*t - t, 0 = 5*x + k*t - 139. Suppose 7*c - 2*c = 1160. Calculate the greatest common factor of c and x.
29
Let x be 4/22 - (-12030)/22. Suppose 2*r = -5*q - 121 - x, -q - 137 = -3*r. Let g = 9 - q. What is the highest common factor of g and 13?
13
Let c = 5 + -5. Let x(g) = g**3 + g**2 + 2. Let n be x(c). Suppose 118 + n = 3*i. What is the highest common divisor of 8 and i?
8
Suppose 200 = 6*f - 2*f. Let u = f + -49. What is the highest common factor of u and 2?
1
Suppose 18*t - 14*t - 2*w - 52 = 0, -4*w - 8 = 0. Calculate the greatest common divisor of t and 528.
12
Suppose -2*m + 21 = 7*q - 6*q, q = m - 9. Let y = 9 - 9. Let b = 2 + y. Calculate the highest common factor of b and m.
2
Let w(l) = 14*l - 118. Let c be w(17). Let a = -47 + 215. Let g = -120 + a. Calculate the highest common divisor of c and g.
24
Let h be 1 - (0/(-4) - 2). Suppose -g = 1 + 3, -h*v - 4 = 4*g. Let o(k) = -4*k + 8. Let u be o(-9). Calculate the greatest common factor of v and u.
4
Suppose 0 = -j - 4*l + 31, 0*j + 3*j - 79 = 2*l. Suppose -3 = -15*i + j. Suppose -q + 0 = -8. What is the highest common factor of i and q?
2
Let j(q) = -32*q + 2987. Let a be j(93). Suppose -o = -3*o + 8. Suppose o*b - 393 + 41 = 0. What is the greatest common factor of a and b?
11
Let t(n) = n**3 - 49*n**2 + 98*n - 41. Let m be t(47). What is the highest common divisor of 539 and m?
49
Let g(x) 